of n and h.
17
Let m(l) = -175*l - 797. Let o be m(-5). Calculate the highest common factor of 3471 and o.
39
Let x be ((-3)/12)/((-3)/852). Let k = 132 - x. What is the greatest common factor of k and 671?
61
Suppose -126 = -5*u - 4*p, 120 = 4*u + 2*p + 24. Let k = 2 + 31. Calculate the highest common divisor of u and k.
11
Let a be (23030/(-564))/(3/(-36)). What is the highest common factor of 5810 and a?
70
Let z be -3 + 770 - (-476)/(-68). What is the greatest common factor of z and 13528?
152
Let u(g) = 17*g**2 - 11*g - 12. Let t be u(-1). Calculate the greatest common divisor of t and 448.
16
Let d be 8/(-6) + (-372)/18. Let q = -1 - d. What is the greatest common divisor of q and 7?
7
Let w(v) = -v**3 + 9*v**2 + 64*v - 280. Let b be w(4). What is the greatest common factor of b and 56?
56
Let u = -3196 - -3332. Calculate the highest common factor of 2125 and u.
17
Suppose 5*w = 4*u + 693, 9*u = 10*u + 2. What is the highest common divisor of w and 27?
1
Let p be ((1 - 0)*-7)/(5*21/(-30)). Let s be 2*1/(-1) - -88. Calculate the greatest common divisor of p and s.
2
Let n = -12287 - -12550. Calculate the highest common factor of n and 44447.
263
Suppose 2*w + 3*w - 10 = 0. Suppose 0 = -w*v - 5*y + 22, 0*v - v + 5*y - 19 = 0. Let j be -10 - (-3 + -5 - 6). Calculate the greatest common divisor of j and v.
1
Let z be ((-63)/6)/((-12)/1296) + 0. Suppose 0 = -4*t - 4*y + 3220, -3*t - 2*y + 1277 = -z. Calculate the highest common divisor of t and 9.
9
Let y(c) = c**3 - 7*c**2 + 7*c - 3. Let r be y(6). Suppose 4*t - f = 287, f - 4*f + r = 0. What is the highest common divisor of t and 27?
9
Suppose 2*w + 6 = -3*r - 8, 2*r = 0. Let j be (-3597)/(-12) + 3*w/(-84). Calculate the greatest common divisor of 12 and j.
12
Suppose 3*f - 38 = 7*i, f - 15 = -3*i + 3. What is the highest common divisor of f and 815?
5
Let x = 179 - 198. Let v be (x + 17)*10/(-2). Calculate the highest common factor of v and 90.
10
Let t be ((-2340)/35)/(-3) - 2/7. Suppose -9 = -t*p + 19*p. Suppose p*r = 44 + 34. What is the greatest common factor of r and 13?
13
Let c(j) = -5*j - 24. Let x be c(-16). Suppose -2*d + d + 41 = 0. Let w = x - d. Calculate the highest common divisor of 5 and w.
5
Suppose 2*x = -33*x + 1120. Calculate the greatest common factor of 26 and x.
2
Suppose -89 = 24*x - 377. What is the highest common factor of 2532 and x?
12
Let n be (-2)/4 - (-6 - (-27)/6). Let o be (-1)/(-1) + 47 + n. Let b = o - 24. Calculate the greatest common divisor of 275 and b.
25
Suppose -4*s + 2*v - 160 = 0, -6*s = -4*s + 5*v + 92. Let b = s - -231. Calculate the highest common factor of b and 76.
38
Suppose -5*n + 330 = -5*x, x - 20 = 6*x. Let c = n - 27. Let m be 6/1 + (69 - -240). Calculate the highest common factor of c and m.
35
Let l(k) = k**3 - 23*k**2 + 29*k - 5. Let o be l(23). Let g = o - 606. What is the highest common divisor of g and 98?
14
Let o(c) = -c**3 + 31*c**2 + 33*c - 22. Suppose -i - 576 = -19*i. Let s be o(i). What is the highest common divisor of s and 70?
10
Let m be ((-1125)/300)/(1 + (-29)/32). Suppose -q = 3*f + 5 - 2, q + 6 = -2*f. Let w be (q/m)/(2/5)*32. What is the greatest common factor of w and 6?
6
Let h be (-5 - -53)*123/6. Let u = h - 954. Calculate the greatest common divisor of u and 78.
6
Let q = 15650 - 15507. What is the greatest common divisor of 253 and q?
11
Let b be 12 + 8 + (-3900)/(-5). What is the highest common factor of b and 15?
5
Let p be (2/4)/(((-189)/(-180))/21). Suppose -46 - 204 = -p*g. What is the greatest common factor of g and 125?
25
Suppose -z - 274 = -2*v, -24*v - 2*z + 676 = -19*v. Let l(u) = 3*u**2 - 5*u - 8. Let i be l(-3). Calculate the greatest common divisor of i and v.
34
Let w(v) = -2*v**3 + 13*v**2 + 4*v - 15. Let z = -387 - -393. Let i be w(z). Calculate the greatest common divisor of i and 20.
5
Let p = 2 - -7. Let r be 273/52*48/p. Calculate the highest common factor of r and 700.
28
Let o be 4/(-16) + 66/8. Let h be 3125/2500*4/(-5)*(-1 - 27). Calculate the highest common divisor of h and o.
4
Suppose -3*c + 2*a + 8722 = 0, 3*a + 99 + 5709 = 2*c. Calculate the highest common divisor of 120 and c.
30
Let o(i) = -456*i + 1831. Let c be o(4). Let z be 2/2*17*7. What is the highest common factor of z and c?
7
Suppose 0 = 4*g - 339 - 673. Let q(s) = -19*s + 144. Let w be q(7). What is the greatest common factor of w and g?
11
Let x = 237 + -141. Let c be 0/(-12) + 1 + 31. What is the greatest common divisor of c and x?
32
Let s(c) be the first derivative of -c**2/2 + 18*c - 4. Let f be s(8). What is the greatest common divisor of 160 and f?
10
Suppose l = 3*l - 6. Let z = -898 + 982. Suppose l*s - z = -s. Calculate the greatest common factor of 42 and s.
21
Suppose 0 = -88*l - 0 + 792. Let t be 6*((-255)/(-6) - 2). Calculate the greatest common factor of l and t.
9
Let r be 60/(-210) + (-342)/(-21). Suppose -5*b = -2*a - 53, -5*b + 21 = 2*a - r. Calculate the highest common divisor of 15 and b.
3
Suppose -b - 48 = -3*b. Let v = -15670 + 15692. Let w = b + v. Calculate the highest common factor of w and 115.
23
Suppose -3*i + 10 = 2*j, 2*i + 29 = 5*j - 15. Let u = 94367 + -94291. Calculate the highest common factor of u and j.
4
Let r be (339/2)/(15/(-40)). Let v = 507 + r. Calculate the greatest common factor of 275 and v.
55
Let h(q) = 23*q - 608. Let n be h(37). Calculate the highest common factor of 81 and n.
81
Let b(o) = -27*o + 4097. Let w be b(7). Calculate the highest common divisor of 4 and w.
4
Let s = 7854 - 7347. What is the highest common divisor of 1404 and s?
39
Let a = -3362 + 3500. Calculate the greatest common divisor of 48 and a.
6
Let q(j) = j**3 + 2*j**2 + 5*j - 5. Suppose -86 = -5*c - 76. Let o be q(c). Let a be 88/4 - 1 - 0. Calculate the greatest common factor of o and a.
21
Let p be (-4)/(-2) - 1/3*0. Suppose -5*d + 0*i - 4*i + 1384 = 0, p*d + i - 556 = 0. Calculate the highest common factor of d and 120.
40
Let i(d) = -286*d**3 - 6*d**2 - 3*d + 2. Let x be i(-1). Let j be ((-4)/(-6))/((-1)/(-240)). Let c = x - j. What is the highest common factor of 25 and c?
25
Let n = 75 + -40. Let t = 35 - 30. Suppose -t*g = d + 15, -3*d + 26 = -d - 4*g. What is the greatest common divisor of n and d?
5
Let d = -15651 + 15720. What is the highest common divisor of d and 4899?
69
Let x = -108 + 216. Let i(r) = -800*r + 1897. Let u be i(2). What is the highest common factor of x and u?
27
Let t(x) = -5*x**3 - 4*x**2 - 87*x - 172. Let k be t(-5). Calculate the highest common divisor of k and 8.
4
Let g be 84256/6 - (-6 + 80/12). Suppose 21*y = 7*y + g. Calculate the greatest common divisor of y and 59.
59
Let x(z) = -z**2 - z + 25. Let g be x(0). Let y(v) = -20*v + 23*v - g*v - 3. Let j be y(-3). Calculate the greatest common factor of j and 7.
7
Let t(q) = -2*q**2 + 7*q + 22. Let s be t(7). Let g be (s - -27) + (1 - (0 + -1)). Let j be -4 - -7 - 0 - g. What is the greatest common divisor of j and 1?
1
Suppose 0 = -30*g - 68*g + 96628. Calculate the highest common factor of g and 34.
34
Suppose 0 = -32*q - 10*q + 168. Suppose -3*k = -13*z + 16*z - 1227, -4*z + q = 0. What is the greatest common factor of 51 and k?
51
Let q be ((-3)/(-2))/(3/1044). Suppose 29*z - 131 = -2*h + 26*z, z = 5. Calculate the highest common factor of h and q.
58
Suppose 10*l = -6*l + 1 + 79. What is the highest common factor of l and 965?
5
Let h(f) = -f**2 - 36*f + 58. Let c be h(-20). Let y = -116 - -130. Calculate the greatest common factor of y and c.
14
Suppose 0 = -438*f + 445*f - 3339. What is the greatest common divisor of 207 and f?
9
Suppose -30 = -2*o - 2*u, 7*o + 56 = -u + 155. What is the greatest common factor of 5026 and o?
14
Let u(j) = -1973*j + 311. Let g be u(-5). What is the greatest common factor of 24 and g?
24
Suppose 4*x = -0*x + 40. Let l = -56 - -60. Suppose -c + 35 = d, -145 = -l*c - 6*d + 3*d. What is the greatest common factor of c and x?
10
Suppose 31*r = 25*r - 2*k + 2124, 0 = -k - 6. Calculate the greatest common divisor of 1602 and r.
178
Suppose 17 - 5 = j. Let z be (-87)/(-2) - 4/(-8). Calculate the greatest common factor of j and z.
4
Let d(u) = -u**3 + u**2 + 4*u - 3. Let r be d(2). Let i be r + (-6 - 3 - 1). Let f = 9 - i. Calculate the highest common divisor of f and 12.
6
Su